r when 206 is divided by t?
16
Let v be (-9 - -12)*(-20)/(-3). Let c = v - 13. What is the remainder when 25 is divided by c?
4
Suppose t - 946 = 5*k, 3*k = -3*t + 68 + 2752. What is the remainder when t is divided by 59?
56
Let d(b) = -2*b**3 + 60*b**2 - 57*b - 13. What is the remainder when 197 is divided by d(29)?
5
Let r = 39 - 21. Let x(t) = t**2 - 3*t - 2. Let z be x(4). Suppose 3*q + z*q = -25, -4*c + 4*q = -296. What is the remainder when c is divided by r?
15
Let f be ((-2 + 4)*-1)/(11/(-22)). What is the remainder when 17 - (-3 + (f - 3)) is divided by 6?
1
Let r(k) = -4*k + 188. Calculate the remainder when 379 is divided by r(42).
19
Let s(i) = -i - 5. Suppose 3*x = -4*k + 147, 5*x - 9*x + 197 = 5*k. Calculate the remainder when x is divided by s(-20).
8
Suppose 15*l + 75 = 20*l. Let i be ((-10)/(-25))/((-2)/(-540)). Suppose 3*x = 7*x - i. What is the remainder when x is divided by l?
12
Suppose -j + 5*j + i + 114 = 0, 2*j + 5*i + 48 = 0. Let d = j - -34. Suppose -7*m = -d*m - 6. Calculate the remainder when 3 is divided by m.
0
Let m = 185 - 154. What is the remainder when 95 is divided by m?
2
Let g be (1 + (-1 - 58))/1. Let q = 69 + g. What is the remainder when 29 is divided by q?
7
Let x = 58 - 34. Suppose -5*h = 3*f + f - 867, -f + 207 = -2*h. Let s = f - 142. Calculate the remainder when s is divided by x.
23
Suppose -2*o + 3*o - 30 = 4*p, -3*p + 2*o = 25. Let k(w) = w**2 + 4*w - 4. What is the remainder when 67 is divided by k(p)?
16
Suppose 3*r - 28 = 5. Suppose 5*b - 294 = -84. What is the remainder when b is divided by r?
9
Let c(t) = -2*t + 9. Let a be c(2). Suppose -3*n + 21 = -5*o, 0*n + a*o = n - 17. Calculate the remainder when n is divided by 1.
0
Let g(a) = a**2 + 7*a + 4. Let u be g(-7). Suppose 4*o - 23 = -2*n + 71, u*o = 3*n + 99. Calculate the remainder when 71 is divided by o.
23
Suppose -17*u = -15*u + 8, p - 617 = 2*u. Calculate the remainder when p is divided by 68.
65
Let z = 26 - 22. Suppose 3*k - 6 = 0, -2*k - 7 = -z*u + 17. Let i = -58 - -85. Calculate the remainder when i is divided by u.
6
Let h(y) be the third derivative of 3*y**5/20 - y**3/6 - 11*y**2. Calculate the remainder when h(-1) is divided by 5.
3
Suppose -3*t = -4 - 8. Suppose 3*g - 43 = t*v, -25 = -g + v - 5*v. What is the remainder when g is divided by (14 + -2)/(8/6)?
8
Suppose -3*n - 4*l + 284 = 0, 6*l - 9*l - 337 = -4*n. What is the remainder when n is divided by 15?
13
Suppose -15*t + 125 = -10. Suppose -t = 3*q - 33. Let w = 30 + -9. Calculate the remainder when w is divided by q.
5
Let f = -5 + 9. Suppose p - 2 = -f. What is the remainder when 24 is divided by p/8 - (-106)/8?
11
Suppose 14*s - 727 + 27 = 0. Suppose j - 3*j - 60 = 0. Let q = s + j. Calculate the remainder when 59 is divided by q.
19
Let v = 119 + -27. Calculate the remainder when v is divided by 8.
4
Suppose -4*w + 2079 = 17*w. What is the remainder when 200 is divided by w?
2
Let j(t) = -6*t**3 + 2*t + 1. Let v be j(-1). What is the remainder when 38 is divided by ((-260)/v)/4*-1?
12
Suppose 11*j + 10*j - 567 = 0. Let c = -28 - -42. Calculate the remainder when j is divided by c.
13
Let o(d) = 2*d**2 + 8*d + 14. Let u be o(-7). Suppose 7*k + 0*k - u = 0. What is the remainder when 36 is divided by k?
4
Suppose 2*r - c - 123 - 62 = 0, 5*r - 2*c - 463 = 0. Calculate the remainder when r is divided by 27.
12
Suppose 479 - 19 = 5*f. Suppose 11*k = 7*k + f. What is the remainder when k is divided by 8?
7
Let m be 4/(-18) + 25/(-9). Let p be -99*m/6*2. Let v = 149 - p. Calculate the remainder when v is divided by 13.
11
Suppose -5*j = n + 7, -37 = -2*n - j - 6. Suppose 5*t = -0*t + 355. What is the remainder when t is divided by n?
17
Let n(i) = i**2 + 2*i - 10. Calculate the remainder when n(9) is divided by -69*((-6)/3)/12*2.
20
Suppose u = -1 + 7. Suppose -10*r - 24 = -u*r. Calculate the remainder when 399/9 - r/9 is divided by 12.
9
Let s = -29302 - -29341. Let x(b) = b**2 + b. Calculate the remainder when s is divided by x(4).
19
Let h be 2/((-7)/(231/(-6))). Let w(x) = x**2 - 10*x + 9. Let v(t) = 3*t**2 + 3*t - 3. Calculate the remainder when v(-5) is divided by w(h).
17
Let j be (-1)/2*(-1 + 5). Suppose -2*g + 59 - 31 = 0. Let i = g + j. What is the remainder when 34 is divided by i?
10
Let w(k) = -k**3 + 10*k**2 - 10*k - 18. Calculate the remainder when 148 is divided by w(7).
30
Let n = 33 + -16. Let p(x) = x**2 + 9*x - 551. Calculate the remainder when p(20) is divided by n.
12
Let n(q) = -7*q + 2. Let d be 135/(-35) + 4/(-28). What is the remainder when 88 is divided by n(d)?
28
Let u = -4 - -59. Suppose m - 31 = u. What is the remainder when m is divided by 22?
20
Calculate the remainder when (6/(-4))/(18/(-1572)) is divided by 27.
23
Let f = 2905 - 2551. Calculate the remainder when f is divided by 21.
18
Let a be (-2)/3 + 673/(-3). Suppose -n + 0*y - 2*y + 5 = 0, -3*n + 3*y + 33 = 0. Calculate the remainder when 2/(-2)*a/9 is divided by n.
7
Let o(v) = -40*v - 101. What is the remainder when 232 is divided by o(-4)?
55
Let a(x) = x**3 + 20*x**2 + 16*x + 1. Calculate the remainder when a(-19) is divided by 32.
26
Suppose -4*f + 101 = -275. What is the remainder when f is divided by 8?
6
Suppose 8 = h + 5*g - 2, g = 0. Let s = h - -1. Calculate the remainder when 40 is divided by s.
7
Suppose -t - 107 = 3*r, 0*r = -5*r - 5*t - 185. Let g = r + 51. What is the remainder when 44 is divided by g?
12
Suppose 7*p - 5*p = 178. What is the remainder when p is divided by 30?
29
Suppose 32 = 5*j - 3*j. Suppose 0*d + d = j. Suppose -5*c - 1 = 4, 3*h - 194 = 5*c. Calculate the remainder when h is divided by d.
15
Let v be 4/6*3/(-2) + -2. Let d = v + 19. Let l = 30 + -21. Calculate the remainder when d is divided by l.
7
Calculate the remainder when 105 is divided by (36/(-72))/((-1)/2) - -35.
33
Let x = -283 + 339. What is the remainder when x is divided by 12?
8
Let z = -173 + 245. What is the remainder when z is divided by 15?
12
Suppose -68*z - 168 = -70*z. Calculate the remainder when z is divided by 29.
26
Let o(i) be the second derivative of 0 + 1/12*i**4 - 2/3*i**3 + 7/2*i**2 + 7*i. What is the remainder when o(3) is divided by 2?
0
Let h = 646 - 571. What is the remainder when 274 is divided by h?
49
Suppose 3 = 17*t - 14*t. Suppose 0 = 5*r - u - 77, 8 = r - 3*u + t. Calculate the remainder when 61 is divided by r.
13
Suppose -4*g - 3*b + 920 = 0, 13*b - 1155 = -5*g + 8*b. Suppose 0 = 8*u - 249 - 215. What is the remainder when g is divided by u?
53
Let v = 21 + 36. Let j = v - 40. Let u = 41 + -8. What is the remainder when u is divided by j?
16
Let c(t) = t**2 - 4*t - 5. Suppose -10*h = -7*h - 9. Suppose -h*s + 24 = -s. What is the remainder when s is divided by c(6)?
5
Suppose 2 = 2*q - 10. Suppose q*s + 136 = 412. Calculate the remainder when s is divided by 16.
14
Let a be (1/3)/(1/27). Suppose -2*j - 5 = -a. What is the remainder when -5*(24/(-10))/3 is divided by j?
0
Let s = -94 - 10. Let y = s - -132. What is the remainder when y is divided by 2?
0
Let o = -292 + 267. Let h = -41 + 8. Let c = o - h. Calculate the remainder when 15 is divided by c.
7
Suppose 2*g - 4*i - 174 = 0, 7*g + 2*i = 4*g + 237. Calculate the remainder when 323 is divided by g.
80
Let b(y) = 2*y**2 + 93*y + 161. Calculate the remainder when 446 is divided by b(-46).
101
Suppose 0 = -4*v + v + 24. Suppose v*g - 550 = 362. What is the remainder when g is divided by 23?
22
Let y = -39 - -78. What is the remainder when 191 is divided by y?
35
Let y(v) = -3*v + 27. Let n be y(5). What is the remainder when 22 is divided by (6/(-15))/(n/20)*-18?
10
Let w(z) = 21*z - 1. Let l be w(1). Suppose 10*i = 5*i + l. Suppose -j = i*j - 215. What is the remainder when j is divided by 15?
13
Let u(p) = 6*p + 11. Let b be u(-3). Calculate the remainder when (b/(-21))/((-3)/(-1611)) is divided by 36.
35
Suppose 1500 - 1195 = 5*w - p, 3*p = -4*w + 244. Suppose 242 = 2*d - 2*j, j = 2*d - 4*d + 233. What is the remainder when d is divided by w?
57
Let y(g) = g**3 - 5*g**2 + g + 2. Let w be y(5). Let p = 16 - w. Let f(h) = -33*h + 1. What is the remainder when f(-1) is divided by p?
7
Suppose -4*s - 5*k = -176 - 107, 0 = k - 3. Suppose 3*y - l = s, -6*y + 51 = -3*y + 3*l. What is the remainder when 